
True
Is 1588031 a composite number?
False
Is 350921 a composite number?
True
Is 6615853 a prime number?
True
Is 1086214803 a composite number?
True
Is 18415993 a prime number?
True
Is 35605309 a prime number?
True
Is 236867 a composite number?
False
Is 30444487 a composite number?
False
Is 421724563 prime?
False
Is 2327309 prime?
False
Is 38420719 composite?
False
Is 78737693 prime?
False
Is 929737 a composite number?
False
Is 9888647 a prime number?
False
Is 46264357 composite?
False
Is 219517777 a composite number?
True
Is 20396391 a composite number?
True
Is 18923039 composite?
False
Is 662541307 composite?
True
Is 41808497 a prime number?
True
Is 2483823 prime?
False
Is 313334381 composite?
False
Is 312806227 prime?
False
Is 22751671 a composite number?
False
Is 8062841 composite?
True
Is 1477409 prime?
True
Is 640811 a composite number?
True
Is 4656931 a composite number?
True
Is 950687 a composite number?
True
Is 147927301 a prime number?
False
Is 228023239 a composite number?
False
Is 55118047 a prime number?
True
Is 74194201 a composite number?
False
Is 1078043 prime?
True
Is 62407783 a prime number?
False
Is 1730983 prime?
True
Is 110109343 composite?
False
Is 209071 a prime number?
True
Is 15585919 a prime number?
True
Is 13454143 a composite number?
True
Is 699493 composite?
False
Is 686363 composite?
False
Is 257937451 prime?
False
Is 286163651 a composite number?
False
Is 419147303 prime?
True
Is 10221 composite?
True
Is 330749 composite?
False
Is 14387271 a composite number?
True
Is 23109131 a prime number?
True
Is 137077 prime?
True
Is 9906553 a composite number?
True
Is 1727563 prime?
True
Is 2646733 a prime number?
True
Is 124807 prime?
False
Is 12427769 composite?
True
Is 54517733 a composite number?
False
Is 1362077 a composite number?
True
Is 206506403 a composite number?
False
Is 499487 composite?
True
Is 7387813 a prime number?
True
Is 180898777 a prime number?
False
Is 47675945 prime?
False
Is 47361997 a prime number?
True
Is 249861169 prime?
False
Is 4670179 prime?
True
Is 1266539 a prime number?
True
Is 48633653 composite?
True
Is 75849031 prime?
True
Is 41914471 a composite number?
False
Is 123744713 composite?
True
Is 1679 prime?
False
Is 227499 prime?
False
Is 2742983 composite?
False
Is 19079387 a prime number?
False
Is 193004981 composite?
True
Is 497940346 prime?
False
Is 7665883 a composite number?
True
Is 8131457 composite?
True
Is 141076297 a composite number?
False
Is 2904911 prime?
False
Is 1286227 composite?
False
Is 119316223 composite?
True
Is 174586249 a composite number?
False
Is 34970339 prime?
False
Is 3410909 composite?
False
Is 28055119 a prime number?
True
Is 1072301 composite?
False
Is 276041599 composite?
True
Is 53847697 prime?
True
Is 798881 prime?
False
Is 24580805 prime?
False
Is 227789 prime?
True
Is 103076965 composite?
True
Is 7377671 composite?
True
Is 45130642 a composite number?
True
Is 2174969 a prime number?
False
Is 377909 a composite number?
True
Is 95001743 prime?
False
Is 3285871 prime?
False
Is 1038449 prime?
True
Is 11777 composite?
False
Is 417648541 a composite number?
False
Is 9454681 prime?
False
Is 327161009 a composite number?
True
Is 142939 prime?
True
Is 8652289 prime?
False
Is 377011 a prime number?
True
Is 1381007 a prime number?
False
Is 2423847 a composite number?
True
Is 5122463 a prime number?
True
Is 9077582 prime?
False
Is 623316371 a prime number?
True
Is 34261501 composite?
False
Is 5201093 a prime number?
False
Is 182438939 prime?
True
Is 12586841 a prime number?
False
Is 40164515 a prime number?
False
Is 5964293 prime?
True
Is 44773109 a prime number?
True
Is 118904143 prime?
True
Is 137665841 prime?
False
Is 441961901 prime?
False
Is 40415651 prime?
False
Is 78278419 a composite number?
True
Is 297526541 composite?
True
Is 1794829 a prime number?
True
Is 48309406 prime?
False
Is 4513595 composite?
True
Is 3253115 a composite number?
True
Is 67632433 a prime number?
False
Is 74658511 a composite number?
False
Is 11797441 composite?
False
Is 2959511 a prime number?
False
Is 1597987 a composite number?
True
Is 1860967 a composite number?
False
Is 1059533 composite?
True
Is 144261029 composite?
True
Is 174467 composite?
False
Is 2692121 a prime number?
True
Is 3531907 a prime number?
True
Is 336148799 composite?
True
Is 28815559 prime?
False
Is 6510463 composite?
False
Is 185484521 a prime number?
True
Is 380902649 composite?
False
Is 67238323 composite?
False
Is 43861901 composite?
True
Is 10820377 a prime number?
True
Is 25156577 composite?
False
Is 10973561 a prime number?
True
Is 74273167 prime?
False
Is 26120371 composite?
True
Is 1172893 a composite number?
False
Is 29115397 a composite number?
False
Is 4924937 prime?
False
Is 1250969 composite?
False
Is 7028719 a prime number?
True
Is 18076621 prime?
True
Is 7775981 composite?
False
Is 3668087 a composite number?
False
Is 146651309 composite?
True
Is 31008547 a composite number?
True
Is 331447 a prime number?
True
Is 622943 prime?
True
Is 33693657 prime?
False
Is 77756663 a composite number?
True
Is 27883411 composite?
False
Is 7198879 composite?
False
Is 4845851 composite?
False
Is 4083359 a composite number?
True
Is 823117 prime?
True
Is 40407049 a composite number?
False
Is 14249767 a prime number?
False
Is 5041303 a prime number?
True
Is 6310829 a prime number?
False
Is 117189929 prime?
False
Is 1129267 prime?
False
Is 1134271 a prime number?
True
Is 29662027 a prime number?
True
Is 694829 a composite number?
False
Is 1526339 a composite number?
False
Is 34833091 a composite number?
False
Is 864989 prime?
True
Is 1094468243 prime?
False
Is 51009437 composite?
False
Is 43159433 composite?
False
Is 14778527 a composite number?
False
Is 1121854637 composite?
False
Is 1836217 prime?
False
Is 5444099 a prime number?
False
Is 14012191 a prime number?
False
Is 778831 a composite number?
False
Is 1312153 composite?
False
Is 48393787 a prime number?
False
Is 484397 composite?
False
Is 4620985 composite?
True
Is 203064053 prime?
False
Is 382276199 prime?
True
Is 29241043 a prime number?
False
Is 9922193 composite?
False
Is 25968323 a composite number?
True
Is 265811993 a prime number?
True
Is 33784339 prime?
True
Is 98580187 a composite number?
True
Is 7527301 a prime number?
False
Is 3694583 composite?
False
Is 2408759 prime?
True
Is 23687327 a composite number?
True
Is 109458979 a prime number?
False
Is 28819157 a composite number?
False
Is 61740267 a prime number?
False
Is 1618723 prime?
False
Is 6093539 composite?
True
Is 22242865 a prime number?
False
Is 3196783 a composite number?
False
Is 820789 prime?
True
Is 3907465 a prime number?
False
Is 139807 a composite number?
True
Is 162120911 prime?
True
Is 1746143 a prime number?
False
Is 12938777 a composite number?
True
Is 893999 composite?
False
Is 18503279 composite?
False
Is 28523081 prime?
True
Is 281689 prime?
False
Is 3735479 a prime number?
False
Is 12856513 a prime number?
False
Is 8242097 a prime number?
True
Is 4502951 a composite number?
True
Is 209824379 a composite number?
False
Is 1641751 a composite number?
False
Is 17959737 a composite number?
True
Is 66289757 a composite number?
True
Is 17474651 a composite number?
True
Is 306011657 prime?
False
Is 12660091 a composite number?
False
Is 3054679 a prime number?
False
Is 3386843 composite?
True
Is 82011379 prime?
True
Is 1197522377 composite?
False
Is 24724283 a composite number?
False
Is 43307909 a prime number?
False
Is 344547157 a composite number?
False
Is 109376779 a composite number?
False
Is 247159147 composite?
False
Is 876773 a prime number?
False
Is 1611697 composite?
False
Is 143970401 a composite number?
True
Is 15079811 a prime number?
True
Is 12040459 composite?
True
Is 181191521 a composite number?
True
Is 3871393 prime?
False
Is 6655393 prime?
True
Is 4865041 a prime number?
False
Is 37646971 a prime number?
False
Is 1161781 a prime number?
True
Is 1943107 composite?
False
Is 736705 prime?
False
Is 241277 composite?
True
Is 21755519 a composite number?
True
Is 983937953 a composite number?
True
Is 12137781 composite?
True
Is 12261491 a composite number?
True
Is 13248659 composite?
False
Is 19624571 composite?
False
Is 33576031 composite?
False
Is 2376763 a prime number?
F